)/(-24)*(2 - (-2 - 14))*178. What is the highest common divisor of l and 90?
18
Let t(o) = 54*o**2 + 84*o + 436. Let y be t(-5). What is the greatest common divisor of y and 2?
2
Let v = -2566 + 3381. What is the greatest common divisor of 10 and v?
5
Let a be (-4)/7 - (2418/(-42) - -11). What is the greatest common factor of 782 and a?
46
Let p = 5346 - 5301. What is the highest common divisor of p and 120?
15
Let z be (20 - -4)*(-265)/(-10). Suppose z = -2*i + 5*i. Calculate the highest common divisor of 4 and i.
4
Suppose 2*y - 2880 = -4*y. Suppose -7*g - y = -9*g. Suppose -7*k + 3*k + g = 0. What is the highest common factor of 15 and k?
15
Let y = 1717 + 15586. What is the greatest common factor of 143 and y?
143
Let q = -4475 + 5437. What is the highest common divisor of q and 52?
26
Let p be 2/(-8)*(-2 + -6). Suppose 3*t - 25 + 4 = -3*w, 3*t - 4*w = 49. Suppose p*s + 2871 = t*s. What is the highest common divisor of 29 and s?
29
Suppose -w + 6 = 14. Let o be 0 + 118 - w/(80/(-30)). Calculate the greatest common factor of 23 and o.
23
Let g(l) = -57 + 15 - 6*l - 27 + 18. Let k be g(-9). What is the greatest common divisor of 21 and k?
3
Suppose 4*b - 768 = -12*b. Suppose -m = -2*n - 19, -5*m - 52*n = -b*n - 67. What is the greatest common divisor of 120 and m?
15
Let a(v) = -230*v - 843. Let p be a(-4). What is the highest common factor of 1771 and p?
77
Let j be 5 + ((-20)/(-1))/5. Let p be ((-4)/(-6))/((-6)/j). Let n(u) = -145*u**3 + 3*u + 2. Let w be n(p). Calculate the highest common factor of w and 16.
16
Suppose -5*i = 0, 17 = 3*u - 5*i + 5. Suppose 21 = 5*f - u*h, -3*h + 8 = -2*f + 15. Calculate the greatest common factor of 5 and f.
5
Let y = -20977 - -20997. Let f be 4/2*20/8. Suppose -f*u + 27 = 2. What is the greatest common divisor of y and u?
5
Suppose 0 = -12*m + 35*m - 69. Suppose -4*s + m*k = -81, -s + k = 2*s - 67. What is the greatest common factor of 36 and s?
12
Let p(h) = -4*h**2 + 16*h - 2. Let v = 53 - 46. Let r be p(v). Let y = 110 + r. What is the highest common factor of y and 12?
12
Suppose 0 = -u - 5*i + 17, 3*u = -2*u - 3*i + 195. Let n be -2 + u + -1 + -1. Let z = -68 + 87. What is the highest common factor of z and n?
19
Suppose 4*a + 520 = 88. Let t(m) = -2*m - 14. Let j be t(-11). Let k be 7/(-2)*(a/(-21) - j). What is the greatest common factor of k and 160?
10
Let h be 6 - 43/(645/(-19290)). What is the greatest common divisor of h and 544?
68
Let n be 12 + -9 + 1*5. Let m be 10*((-756)/(-15))/(-6). Let j be (-21 + 0)*9*n/m. What is the greatest common factor of 12 and j?
6
Suppose 17 + 8 = 5*z. Suppose 2*a - 4*q - 16 = 0, 0 = z*a - 3*q - 19 - 14. What is the greatest common divisor of a and 12?
6
Let v(u) = 36*u + 154. Let b be v(-4). What is the highest common factor of b and 1910?
10
Let w be 297/6*(6 - 6266/(-39)). Calculate the greatest common factor of w and 132.
66
Suppose -21*g + 37 + 65 + 24 = 0. What is the greatest common factor of 51 and g?
3
Let b(j) = 3*j**2 + 3*j + 22. Let v(t) = -3*t**2 - 4*t - 21. Let y(s) = 4*b(s) + 3*v(s). Let l be y(-7). Calculate the highest common factor of 43 and l.
43
Let a be -5 + -4 - (18/5 - 0)/(63/(-420)). Suppose -3*m = -7*m + 40. What is the highest common factor of a and m?
5
Let n(y) = y**2 - 200*y - 3906. Let p be n(-20). Calculate the greatest common divisor of p and 559.
13
Let o(d) be the first derivative of -43*d**2/2 - 124*d + 257. Let a be o(-4). Calculate the highest common factor of a and 504.
24
Let r = 6 - 0. Suppose -765 = r*v - 2301. Suppose 0 = 13*w - 8*w - 160. What is the greatest common divisor of w and v?
32
Let a(c) = 2*c**3 - 7*c**2 - 9*c + 12. Let s be a(6). Suppose -130*i + s*i = 240. What is the greatest common factor of i and 135?
15
Suppose 0 = 8*g + 14*g - 374. Suppose 7*o - 4 = g. Suppose 3*a = 2*a + 3*u + 15, -5*u = -3*a + 45. What is the highest common divisor of a and o?
3
Let s(h) be the third derivative of -43*h**4/4 - h**3 + 292*h**2. Let u be s(-1). Calculate the highest common divisor of u and 315.
63
Suppose x + 485 = 562. Suppose 5*w + q - x = -0*q, w - 11 = 2*q. Calculate the highest common divisor of 9 and w.
3
Let n(z) be the first derivative of 3*z**3 + 3*z**2/2 + 3*z - 12. Let k be n(-2). Let o = k - -2. Calculate the greatest common divisor of o and 5.
5
Let x be 2*(-246)/8*(-5 + 1). Let a be x + (-2 - 0) + -1*4. Suppose 2*u = -u + 2*m + 88, -5 = -5*m. What is the highest common factor of u and a?
30
Let c(m) = -12*m - 220. Let y be c(-19). Suppose -5*f = -p + 13, -y*f = 5*p - 4*f - 65. Calculate the highest common factor of p and 1.
1
Suppose 0 = 4*x - 2*x - 34. Let h(z) = 1707*z - 1639. Let p be h(1). Calculate the greatest common divisor of p and x.
17
Suppose 3*h + p = 619, 3*p + 214 + 184 = 2*h. Calculate the greatest common divisor of 40 and h.
5
Let h be (-29548)/89*(1/(-2) - 0). Suppose 5*r - h = 2*j, 4*r - 2*j = -7*j + 146. Let y be 256/3 + 1/(-3). What is the highest common factor of y and r?
17
Let i be 3 + ((-4)/12)/(4/12). Let a(b) = -7*b - 3*b + 19 + 5 - 6 + 5*b**i. Let q be a(3). What is the greatest common factor of 165 and q?
33
Let l(z) = 11*z**2 - 48*z + 13. Let w be l(-37). What is the greatest common factor of 36 and w?
36
Let q = 529 - 613. Let o = q + 96. Suppose 44 - 134 = -5*k. What is the highest common factor of k and o?
6
Let l = 464 + -234. Let z = l - 175. What is the greatest common factor of 30 and z?
5
Let o(v) = -2*v**2 - 23*v - 7. Let m be ((-27)/(-12))/(3/(-12)). Let a be o(m). Let u = -78 + 306. What is the highest common factor of a and u?
38
Suppose 24*n - 29*n = 4*z - 19303, 0 = -2*z + 4*n + 9658. What is the greatest common factor of 3 and z?
3
Let k(l) = 56*l - 27. Let p be k(2). Let n = -274 + 308. Calculate the highest common factor of p and n.
17
Let d(u) = -88*u + 1771. Let a be d(19). Calculate the greatest common divisor of a and 638.
11
Let j(n) = n**2 - 16*n - 100. Let h be j(-5). Suppose 4*l + 7 = -i, -17 = -h*i - 5*l - 7. Calculate the highest common factor of 20 and i.
5
Let m(g) = 3*g + 63. Let k be m(-19). Suppose -k*w - 9*w = -1350. Calculate the greatest common divisor of 270 and w.
90
Suppose 37*w = 96644 + 441817. Calculate the highest common factor of 98 and w.
49
Suppose -5*u + 4*a + 249 = -1341, 5*u - a - 1590 = 0. Calculate the highest common factor of u and 6837.
159
Let z(d) = 18*d**2 + 255*d + 558. Let n be z(-12). Let m(f) = -22*f + 3. Let o be m(-6). Calculate the greatest common factor of n and o.
45
Let k(z) = -z**2 - 10*z - 8. Let f be k(-9). Let s = f + 15. Suppose 0 = 4*y + 3*u + u - s, -2*y + 10 = 3*u. What is the highest common divisor of 6 and y?
2
Let w(v) = 28*v - 300. Let g be w(12). What is the greatest common divisor of 84 and g?
12
Let g = 262 + -267. Let w(u) = -126*u + 58. Let a be w(g). What is the greatest common divisor of a and 86?
86
Suppose -20597 = -7*z - 8074 + 33677. Calculate the highest common factor of z and 150.
150
Let y be -26*11/(-66)*3. Let f(u) be the first derivative of 9*u**2/2 + 38*u + 2. Let v be f(y). Calculate the greatest common factor of 62 and v.
31
Let b(q) = -15 - q**2 - 24*q**3 + 7*q**2 + 9*q + 23*q**3 + 7*q**2. Let n be b(13). What is the greatest common factor of n and 153?
51
Let p(a) = -224*a - a**2 + 240*a + 40 + 60. Let x be p(20). What is the greatest common factor of x and 30?
10
Let s(z) = -60*z + 7. Let k(v) = -1. Let g(b) = -2*k(b) - s(b). Let t be g(1). Let x be (-15)/10*88/(-6). Calculate the highest common factor of t and x.
11
Let r = 5 + -18. Let k = 141 + r. Let l = -1076 - -1108. What is the greatest common factor of k and l?
32
Suppose -x + 516 = -6*m, 2*x - 5*m + 2335 = 7*x. What is the greatest common factor of x and 869?
79
Suppose -5*p + 25 = 0, 2*p = 10*w - 8*w - 1904. Suppose w = 6*h + 237. What is the greatest common factor of h and 40?
40
Let s be 1402/7 + (192/(-28))/24. Calculate the highest common factor of s and 33900.
100
Let j be (1*6)/(133/236607). What is the highest common divisor of j and 36?
18
Suppose 186*h - 742 = 185*h. Suppose -8*q + 4*q = -a - 6, -20 = -4*q. Calculate the greatest common divisor of h and a.
14
Let a = -4643 + 4796. What is the highest common factor of a and 255?
51
Let u(w) = w**3 - 11*w**2 - 13*w - 3. Let p be u(12). Let z(n) = -2*n - 1